{"id":112,"date":"2020-03-16T13:10:30","date_gmt":"2020-03-16T13:10:30","guid":{"rendered":"http:\/\/localhost\/epb_industrial_demos\/2\/?page_id=112"},"modified":"2021-10-04T00:07:21","modified_gmt":"2021-10-04T00:07:21","slug":"manufacturing","status":"publish","type":"page","link":"http:\/\/www.ozmersan.com.tr\/web\/?page_id=112","title":{"rendered":"Sar\u0131 Traverten"},"content":{"rendered":"\t\t<div data-elementor-type=\"wp-page\" data-elementor-id=\"112\" class=\"elementor elementor-112\" data-elementor-settings=\"[]\">\n\t\t\t\t\t\t\t<div class=\"elementor-section-wrap\">\n\t\t\t\t\t\t\t<section class=\"elementor-section elementor-top-section elementor-element elementor-element-d741f32 elementor-section-boxed elementor-section-height-default elementor-section-height-default\" data-id=\"d741f32\" data-element_type=\"section\">\n\t\t\t\t\t\t<div class=\"elementor-container elementor-column-gap-default\">\n\t\t\t\t\t<div class=\"elementor-column elementor-col-50 elementor-top-column elementor-element elementor-element-61206c8\" data-id=\"61206c8\" data-element_type=\"column\">\n\t\t\t<div class=\"elementor-widget-wrap elementor-element-populated\">\n\t\t\t\t\t\t\t\t<div class=\"elementor-element elementor-element-808c306 elementor-widget elementor-widget-heading\" data-id=\"808c306\" data-element_type=\"widget\" data-widget_type=\"heading.default\">\n\t\t\t\t<div class=\"elementor-widget-container\">\n\t\t\t<h3 class='heading-left  divider-sm'  style=\"color:#000000\"><span>SARI TRAVERTEN <\/span><\/h3>\t\t<\/div>\n\t\t\t\t<\/div>\n\t\t\t\t<div class=\"elementor-element elementor-element-a213a08 elementor-widget elementor-widget-text-editor\" data-id=\"a213a08\" data-element_type=\"widget\" data-widget_type=\"text-editor.default\">\n\t\t\t\t<div class=\"elementor-widget-container\">\n\t\t\t\t\t\t\t<p><em>D\u00fcnyaca \u00fcnl\u00fc \u00fcr\u00fcn\u00fcm\u00fcz, \u00f6zel mekanlarda rahatl\u0131kla uygulayabilece\u011finiz, do\u011fall\u0131\u011f\u0131yla her zevke hitap eden olu\u015fum yap\u0131s\u0131yla SARI TRAVERTEN\u2026 <br \/><\/em><\/p>\t\t\t\t\t\t<\/div>\n\t\t\t\t<\/div>\n\t\t\t\t<div class=\"elementor-element elementor-element-6ac02e9 elementor-widget elementor-widget-heading\" data-id=\"6ac02e9\" data-element_type=\"widget\" data-widget_type=\"heading.default\">\n\t\t\t\t<div class=\"elementor-widget-container\">\n\t\t\t<h5 class='heading-left  divider-sm'  style=\"color:#000000\"><span>OCA\u011eIMIZDAN RES\u0130MLER<\/span><\/h5>\t\t<\/div>\n\t\t\t\t<\/div>\n\t\t\t\t\t<\/div>\n\t\t<\/div>\n\t\t\t\t<div class=\"elementor-column elementor-col-50 elementor-top-column elementor-element elementor-element-407fd51\" data-id=\"407fd51\" data-element_type=\"column\">\n\t\t\t<div class=\"elementor-widget-wrap elementor-element-populated\">\n\t\t\t\t\t\t\t\t<div class=\"elementor-element elementor-element-e91ab78 elementor-widget elementor-widget-gallery_slider\" data-id=\"e91ab78\" data-element_type=\"widget\" data-widget_type=\"gallery_slider.default\">\n\t\t\t\t<div class=\"elementor-widget-container\">\n\t\t\t<div class=\"gallery-fs\"><figure><img src=\"http:\/\/www.ozmersan.com.tr\/web\/wp-content\/uploads\/2021\/10\/3-1.jpg\" alt=\"\"><\/figure><div class=\"gallery-fs-nav\"><button class=\"gallery-fs-fullscreen\"><i class=\"fa fa-arrows-alt\"><\/i><\/button><\/div><div class=\"gallery-fs-thumbnails gallery-fs-thumbnails-col-5 owl-carousel owl-loaded\"><a href='http:\/\/www.ozmersan.com.tr\/web\/wp-content\/uploads\/2021\/10\/3-1.jpg' data-caption='3' title='3' class=\"selected\"><img class='attachment-anps-gallery-thumb size-anps-gallery-thumb' src=http:\/\/www.ozmersan.com.tr\/web\/wp-content\/uploads\/2021\/10\/3-1.jpg sizes='(max-width: 280px) 100vw, 280px' width='280' height='158'><\/a><a href='http:\/\/www.ozmersan.com.tr\/web\/wp-content\/uploads\/2021\/10\/2-2.jpg' data-caption='2' title='2'><img class='attachment-anps-gallery-thumb size-anps-gallery-thumb' src=http:\/\/www.ozmersan.com.tr\/web\/wp-content\/uploads\/2021\/10\/2-2.jpg sizes='(max-width: 280px) 100vw, 280px' width='280' height='158'><\/a><a href='http:\/\/www.ozmersan.com.tr\/web\/wp-content\/uploads\/2021\/10\/4-2.jpg' data-caption='4' title='4'><img class='attachment-anps-gallery-thumb size-anps-gallery-thumb' src=http:\/\/www.ozmersan.com.tr\/web\/wp-content\/uploads\/2021\/10\/4-2.jpg sizes='(max-width: 280px) 100vw, 280px' width='280' height='158'><\/a><a href='http:\/\/www.ozmersan.com.tr\/web\/wp-content\/uploads\/2021\/10\/5-2.jpg' data-caption='5' title='5'><img class='attachment-anps-gallery-thumb size-anps-gallery-thumb' src=http:\/\/www.ozmersan.com.tr\/web\/wp-content\/uploads\/2021\/10\/5-2.jpg sizes='(max-width: 280px) 100vw, 280px' width='280' height='158'><\/a><a href='http:\/\/www.ozmersan.com.tr\/web\/wp-content\/uploads\/2021\/10\/6-2.jpg' data-caption='6' title='6'><img class='attachment-anps-gallery-thumb size-anps-gallery-thumb' src=http:\/\/www.ozmersan.com.tr\/web\/wp-content\/uploads\/2021\/10\/6-2.jpg sizes='(max-width: 280px) 100vw, 280px' width='280' height='158'><\/a><a href='http:\/\/www.ozmersan.com.tr\/web\/wp-content\/uploads\/2021\/10\/7-2.jpg' data-caption='7' title='7'><img class='attachment-anps-gallery-thumb size-anps-gallery-thumb' src=http:\/\/www.ozmersan.com.tr\/web\/wp-content\/uploads\/2021\/10\/7-2.jpg sizes='(max-width: 280px) 100vw, 280px' width='280' height='158'><\/a><a href='http:\/\/www.ozmersan.com.tr\/web\/wp-content\/uploads\/2021\/10\/8-2.jpg' data-caption='8' title='8'><img class='attachment-anps-gallery-thumb size-anps-gallery-thumb' src=http:\/\/www.ozmersan.com.tr\/web\/wp-content\/uploads\/2021\/10\/8-2.jpg sizes='(max-width: 280px) 100vw, 280px' width='280' height='158'><\/a><a href='http:\/\/www.ozmersan.com.tr\/web\/wp-content\/uploads\/2021\/10\/9-1.jpg' data-caption='9' title='9'><img class='attachment-anps-gallery-thumb size-anps-gallery-thumb' src=http:\/\/www.ozmersan.com.tr\/web\/wp-content\/uploads\/2021\/10\/9-1.jpg sizes='(max-width: 280px) 100vw, 280px' width='280' height='158'><\/a><a href='http:\/\/www.ozmersan.com.tr\/web\/wp-content\/uploads\/2021\/10\/1-2.jpg' data-caption='1' title='1'><img class='attachment-anps-gallery-thumb size-anps-gallery-thumb' src=http:\/\/www.ozmersan.com.tr\/web\/wp-content\/uploads\/2021\/10\/1-2.jpg sizes='(max-width: 280px) 100vw, 280px' width='280' height='158'><\/a><\/div><\/div>\t\t<\/div>\n\t\t\t\t<\/div>\n\t\t\t\t\t<\/div>\n\t\t<\/div>\n\t\t\t\t\t\t\t<\/div>\n\t\t<\/section>\n\t\t\t\t\t\t<\/div>\n\t\t\t\t\t<\/div>\n\t\t","protected":false},"excerpt":{"rendered":"<p>SARI TRAVERTEN D\u00fcnyaca \u00fcnl\u00fc \u00fcr\u00fcn\u00fcm\u00fcz, \u00f6zel mekanlarda rahatl\u0131kla uygulayabilece\u011finiz, do\u011fall\u0131\u011f\u0131yla her zevke hitap eden olu\u015fum yap\u0131s\u0131yla SARI TRAVERTEN\u2026 OCA\u011eIMIZDAN RES\u0130MLER<\/p>\n","protected":false},"author":1,"featured_media":857,"parent":0,"menu_order":0,"comment_status":"closed","ping_status":"closed","template":"elementor_header_footer","meta":{"spay_email":""},"_links":{"self":[{"href":"http:\/\/www.ozmersan.com.tr\/web\/index.php?rest_route=\/wp\/v2\/pages\/112"}],"collection":[{"href":"http:\/\/www.ozmersan.com.tr\/web\/index.php?rest_route=\/wp\/v2\/pages"}],"about":[{"href":"http:\/\/www.ozmersan.com.tr\/web\/index.php?rest_route=\/wp\/v2\/types\/page"}],"author":[{"embeddable":true,"href":"http:\/\/www.ozmersan.com.tr\/web\/index.php?rest_route=\/wp\/v2\/users\/1"}],"replies":[{"embeddable":true,"href":"http:\/\/www.ozmersan.com.tr\/web\/index.php?rest_route=%2Fwp%2Fv2%2Fcomments&post=112"}],"version-history":[{"count":41,"href":"http:\/\/www.ozmersan.com.tr\/web\/index.php?rest_route=\/wp\/v2\/pages\/112\/revisions"}],"predecessor-version":[{"id":1194,"href":"http:\/\/www.ozmersan.com.tr\/web\/index.php?rest_route=\/wp\/v2\/pages\/112\/revisions\/1194"}],"wp:featuredmedia":[{"embeddable":true,"href":"http:\/\/www.ozmersan.com.tr\/web\/index.php?rest_route=\/wp\/v2\/media\/857"}],"wp:attachment":[{"href":"http:\/\/www.ozmersan.com.tr\/web\/index.php?rest_route=%2Fwp%2Fv2%2Fmedia&parent=112"}],"curies":[{"name":"wp","href":"https:\/\/api.w.org\/{rel}","templated":true}]}}