{"id":110,"date":"2020-03-16T13:10:00","date_gmt":"2020-03-16T13:10:00","guid":{"rendered":"http:\/\/localhost\/epb_industrial_demos\/2\/?page_id=110"},"modified":"2022-03-10T15:10:43","modified_gmt":"2022-03-10T15:10:43","slug":"gallery","status":"publish","type":"page","link":"http:\/\/www.ozmersan.com.tr\/web\/?page_id=110","title":{"rendered":"Uygulamalar\u0131m\u0131z"},"content":{"rendered":"\t\t<div data-elementor-type=\"wp-page\" data-elementor-id=\"110\" class=\"elementor elementor-110\" data-elementor-settings=\"[]\">\n\t\t\t\t\t\t\t<div class=\"elementor-section-wrap\">\n\t\t\t\t\t\t\t<section class=\"elementor-section elementor-top-section elementor-element elementor-element-c94f0b4 elementor-section-boxed elementor-section-height-default elementor-section-height-default\" data-id=\"c94f0b4\" data-element_type=\"section\">\n\t\t\t\t\t\t<div class=\"elementor-container elementor-column-gap-default\">\n\t\t\t\t\t<div class=\"elementor-column elementor-col-100 elementor-top-column elementor-element elementor-element-de969e0\" data-id=\"de969e0\" data-element_type=\"column\">\n\t\t\t<div class=\"elementor-widget-wrap elementor-element-populated\">\n\t\t\t\t\t\t\t\t<div class=\"elementor-element elementor-element-02e1e22 elementor-widget elementor-widget-heading\" data-id=\"02e1e22\" data-element_type=\"widget\" data-widget_type=\"heading.default\">\n\t\t\t\t<div class=\"elementor-widget-container\">\n\t\t\t<h3 class='heading-left  divider-sm'  style=\"color:#000000\"><span>Uygulamalar\u0131m\u0131z<\/span><\/h3>\t\t<\/div>\n\t\t\t\t<\/div>\n\t\t\t\t\t<\/div>\n\t\t<\/div>\n\t\t\t\t\t\t\t<\/div>\n\t\t<\/section>\n\t\t\t\t<section class=\"elementor-section elementor-top-section elementor-element elementor-element-7239d86 elementor-section-boxed elementor-section-height-default elementor-section-height-default\" data-id=\"7239d86\" data-element_type=\"section\">\n\t\t\t\t\t\t<div class=\"elementor-container elementor-column-gap-default\">\n\t\t\t\t\t<div class=\"elementor-column elementor-col-100 elementor-top-column elementor-element elementor-element-e92658e\" data-id=\"e92658e\" data-element_type=\"column\">\n\t\t\t<div class=\"elementor-widget-wrap elementor-element-populated\">\n\t\t\t\t\t\t\t\t<div class=\"elementor-element elementor-element-ef29bee elementor-widget elementor-widget-image-gallery\" data-id=\"ef29bee\" data-element_type=\"widget\" data-widget_type=\"image-gallery.default\">\n\t\t\t\t<div class=\"elementor-widget-container\">\n\t\t\t\t\t<div class=\"elementor-image-gallery\">\n\t\t\t\n\t\t<style type=\"text\/css\">\n\t\t\t#gallery-1 {\n\t\t\t\tmargin: auto;\n\t\t\t}\n\t\t\t#gallery-1 .gallery-item {\n\t\t\t\tfloat: left;\n\t\t\t\tmargin-top: 10px;\n\t\t\t\ttext-align: center;\n\t\t\t\twidth: 25%;\n\t\t\t}\n\t\t\t#gallery-1 img {\n\t\t\t\tborder: 2px solid #cfcfcf;\n\t\t\t}\n\t\t\t#gallery-1 .gallery-caption {\n\t\t\t\tmargin-left: 0;\n\t\t\t}\n\t\t\t\/* see gallery_shortcode() in wp-includes\/media.php *\/\n\t\t<\/style>\n\t\t<div id='gallery-1' class='gallery galleryid-110 gallery-columns-4 gallery-size-anps-team'><dl class='gallery-item'>\n\t\t\t<dt class='gallery-icon landscape'>\n\t\t\t\t<a data-elementor-open-lightbox=\"yes\" data-elementor-lightbox-slideshow=\"ef29bee\" data-elementor-lightbox-title=\"tiger\" href='http:\/\/www.ozmersan.com.tr\/web\/wp-content\/uploads\/2021\/09\/tiger.jpg'><img width=\"455\" height=\"355\" src=\"http:\/\/www.ozmersan.com.tr\/web\/wp-content\/uploads\/2021\/09\/tiger-455x355.jpg\" class=\"attachment-anps-team size-anps-team\" alt=\"\" loading=\"lazy\" aria-describedby=\"gallery-1-802\" \/><\/a>\n\t\t\t<\/dt>\n\t\t\t\t<dd class='wp-caption-text gallery-caption' id='gallery-1-802'>\n\t\t\t\tSivas Onyx Uygulamas\u0131\n\t\t\t\t<\/dd><\/dl><dl class='gallery-item'>\n\t\t\t<dt class='gallery-icon landscape'>\n\t\t\t\t<a data-elementor-open-lightbox=\"yes\" data-elementor-lightbox-slideshow=\"ef29bee\" data-elementor-lightbox-title=\"Sari_traverten_kazakistan\" href='http:\/\/www.ozmersan.com.tr\/web\/wp-content\/uploads\/2021\/09\/Sari_traverten_kazakistan.jpg'><img width=\"455\" height=\"355\" src=\"http:\/\/www.ozmersan.com.tr\/web\/wp-content\/uploads\/2021\/09\/Sari_traverten_kazakistan-455x355.jpg\" class=\"attachment-anps-team size-anps-team\" alt=\"\" loading=\"lazy\" aria-describedby=\"gallery-1-801\" \/><\/a>\n\t\t\t<\/dt>\n\t\t\t\t<dd class='wp-caption-text gallery-caption' id='gallery-1-801'>\n\t\t\t\tSar\u0131 Traverten Kazakistan\n\t\t\t\t<\/dd><\/dl><dl class='gallery-item'>\n\t\t\t<dt class='gallery-icon portrait'>\n\t\t\t\t<a data-elementor-open-lightbox=\"yes\" data-elementor-lightbox-slideshow=\"ef29bee\" data-elementor-lightbox-title=\"sari\" href='http:\/\/www.ozmersan.com.tr\/web\/wp-content\/uploads\/2021\/09\/sari.jpg'><img width=\"455\" height=\"355\" src=\"http:\/\/www.ozmersan.com.tr\/web\/wp-content\/uploads\/2021\/09\/sari-455x355.jpg\" class=\"attachment-anps-team size-anps-team\" alt=\"\" loading=\"lazy\" aria-describedby=\"gallery-1-800\" \/><\/a>\n\t\t\t<\/dt>\n\t\t\t\t<dd class='wp-caption-text gallery-caption' id='gallery-1-800'>\n\t\t\t\tSar\u0131 Traverten Uygulamas\u0131\n\t\t\t\t<\/dd><\/dl><dl class='gallery-item'>\n\t\t\t<dt class='gallery-icon landscape'>\n\t\t\t\t<a data-elementor-open-lightbox=\"yes\" data-elementor-lightbox-slideshow=\"ef29bee\" data-elementor-lightbox-title=\"Novada_Tokat\" href='http:\/\/www.ozmersan.com.tr\/web\/wp-content\/uploads\/2021\/09\/Novada_Tokat.jpg'><img width=\"455\" height=\"355\" src=\"http:\/\/www.ozmersan.com.tr\/web\/wp-content\/uploads\/2021\/09\/Novada_Tokat-455x355.jpg\" class=\"attachment-anps-team size-anps-team\" alt=\"\" loading=\"lazy\" aria-describedby=\"gallery-1-797\" \/><\/a>\n\t\t\t<\/dt>\n\t\t\t\t<dd class='wp-caption-text gallery-caption' id='gallery-1-797'>\n\t\t\t\tNovada Tokat Uygulamas\u0131\n\t\t\t\t<\/dd><\/dl><br style=\"clear: both\" \/><dl class='gallery-item'>\n\t\t\t<dt class='gallery-icon landscape'>\n\t\t\t\t<a data-elementor-open-lightbox=\"yes\" data-elementor-lightbox-slideshow=\"ef29bee\" data-elementor-lightbox-title=\"noche\" href='http:\/\/www.ozmersan.com.tr\/web\/wp-content\/uploads\/2021\/09\/noche.jpg'><img width=\"455\" height=\"355\" src=\"http:\/\/www.ozmersan.com.tr\/web\/wp-content\/uploads\/2021\/09\/noche-455x355.jpg\" class=\"attachment-anps-team size-anps-team\" alt=\"\" loading=\"lazy\" aria-describedby=\"gallery-1-796\" \/><\/a>\n\t\t\t<\/dt>\n\t\t\t\t<dd class='wp-caption-text gallery-caption' id='gallery-1-796'>\n\t\t\t\tNoche Traverten Uygulamas\u0131\n\t\t\t\t<\/dd><\/dl><dl class='gallery-item'>\n\t\t\t<dt class='gallery-icon landscape'>\n\t\t\t\t<a data-elementor-open-lightbox=\"yes\" data-elementor-lightbox-slideshow=\"ef29bee\" data-elementor-lightbox-title=\"MediumKazakistan\" href='http:\/\/www.ozmersan.com.tr\/web\/wp-content\/uploads\/2021\/09\/MediumKazakistan.jpg'><img width=\"455\" height=\"355\" src=\"http:\/\/www.ozmersan.com.tr\/web\/wp-content\/uploads\/2021\/09\/MediumKazakistan-455x355.jpg\" class=\"attachment-anps-team size-anps-team\" alt=\"\" loading=\"lazy\" aria-describedby=\"gallery-1-795\" \/><\/a>\n\t\t\t<\/dt>\n\t\t\t\t<dd class='wp-caption-text gallery-caption' id='gallery-1-795'>\n\t\t\t\tMedium Traverten Kazakistan\n\t\t\t\t<\/dd><\/dl><dl class='gallery-item'>\n\t\t\t<dt class='gallery-icon landscape'>\n\t\t\t\t<a data-elementor-open-lightbox=\"yes\" data-elementor-lightbox-slideshow=\"ef29bee\" data-elementor-lightbox-title=\"MediumAntepYesilvad_projesi\" href='http:\/\/www.ozmersan.com.tr\/web\/wp-content\/uploads\/2021\/09\/MediumAntepYesilvad_projesi.jpg'><img width=\"455\" height=\"355\" src=\"http:\/\/www.ozmersan.com.tr\/web\/wp-content\/uploads\/2021\/09\/MediumAntepYesilvad_projesi-455x355.jpg\" class=\"attachment-anps-team size-anps-team\" alt=\"\" loading=\"lazy\" aria-describedby=\"gallery-1-794\" \/><\/a>\n\t\t\t<\/dt>\n\t\t\t\t<dd class='wp-caption-text gallery-caption' id='gallery-1-794'>\n\t\t\t\tMedium Antep Ye\u015fil Vadi\n\t\t\t\t<\/dd><\/dl><dl class='gallery-item'>\n\t\t\t<dt class='gallery-icon landscape'>\n\t\t\t\t<a data-elementor-open-lightbox=\"yes\" data-elementor-lightbox-slideshow=\"ef29bee\" data-elementor-lightbox-title=\"Medium_Traverten2\" href='http:\/\/www.ozmersan.com.tr\/web\/wp-content\/uploads\/2021\/09\/Medium_Traverten2.jpg'><img width=\"455\" height=\"355\" src=\"http:\/\/www.ozmersan.com.tr\/web\/wp-content\/uploads\/2021\/09\/Medium_Traverten2-455x355.jpg\" class=\"attachment-anps-team size-anps-team\" alt=\"\" loading=\"lazy\" aria-describedby=\"gallery-1-793\" \/><\/a>\n\t\t\t<\/dt>\n\t\t\t\t<dd class='wp-caption-text gallery-caption' id='gallery-1-793'>\n\t\t\t\tMedium Traverten Uygulamas\u0131\n\t\t\t\t<\/dd><\/dl><br style=\"clear: both\" \/><dl class='gallery-item'>\n\t\t\t<dt class='gallery-icon landscape'>\n\t\t\t\t<a data-elementor-open-lightbox=\"yes\" data-elementor-lightbox-slideshow=\"ef29bee\" data-elementor-lightbox-title=\"medium\" href='http:\/\/www.ozmersan.com.tr\/web\/wp-content\/uploads\/2021\/09\/medium.jpg'><img width=\"455\" height=\"355\" src=\"http:\/\/www.ozmersan.com.tr\/web\/wp-content\/uploads\/2021\/09\/medium-455x355.jpg\" class=\"attachment-anps-team size-anps-team\" alt=\"\" loading=\"lazy\" aria-describedby=\"gallery-1-792\" \/><\/a>\n\t\t\t<\/dt>\n\t\t\t\t<dd class='wp-caption-text gallery-caption' id='gallery-1-792'>\n\t\t\t\tMedium Traverten Uygulamas\u0131\n\t\t\t\t<\/dd><\/dl><dl class='gallery-item'>\n\t\t\t<dt class='gallery-icon portrait'>\n\t\t\t\t<a data-elementor-open-lightbox=\"yes\" data-elementor-lightbox-slideshow=\"ef29bee\" data-elementor-lightbox-title=\"Marina2\" href='http:\/\/www.ozmersan.com.tr\/web\/wp-content\/uploads\/2021\/09\/Marina2.jpg'><img width=\"455\" height=\"355\" src=\"http:\/\/www.ozmersan.com.tr\/web\/wp-content\/uploads\/2021\/09\/Marina2-455x355.jpg\" class=\"attachment-anps-team size-anps-team\" alt=\"\" loading=\"lazy\" aria-describedby=\"gallery-1-791\" \/><\/a>\n\t\t\t<\/dt>\n\t\t\t\t<dd class='wp-caption-text gallery-caption' id='gallery-1-791'>\n\t\t\t\tGold River Traverten Uygulamas\u0131\n\t\t\t\t<\/dd><\/dl><dl class='gallery-item'>\n\t\t\t<dt class='gallery-icon portrait'>\n\t\t\t\t<a data-elementor-open-lightbox=\"yes\" data-elementor-lightbox-slideshow=\"ef29bee\" data-elementor-lightbox-title=\"marina\" href='http:\/\/www.ozmersan.com.tr\/web\/wp-content\/uploads\/2021\/09\/marina.jpg'><img width=\"455\" height=\"355\" src=\"http:\/\/www.ozmersan.com.tr\/web\/wp-content\/uploads\/2021\/09\/marina-455x355.jpg\" class=\"attachment-anps-team size-anps-team\" alt=\"\" loading=\"lazy\" aria-describedby=\"gallery-1-790\" \/><\/a>\n\t\t\t<\/dt>\n\t\t\t\t<dd class='wp-caption-text gallery-caption' id='gallery-1-790'>\n\t\t\t\tGold River Traverten Uygulamas\u0131\n\t\t\t\t<\/dd><\/dl><dl class='gallery-item'>\n\t\t\t<dt class='gallery-icon landscape'>\n\t\t\t\t<a data-elementor-open-lightbox=\"yes\" data-elementor-lightbox-slideshow=\"ef29bee\" data-elementor-lightbox-title=\"ForumAnkara2\" href='http:\/\/www.ozmersan.com.tr\/web\/wp-content\/uploads\/2021\/09\/ForumAnkara2.jpg'><img width=\"455\" height=\"355\" src=\"http:\/\/www.ozmersan.com.tr\/web\/wp-content\/uploads\/2021\/09\/ForumAnkara2-455x355.jpg\" class=\"attachment-anps-team size-anps-team\" alt=\"\" loading=\"lazy\" aria-describedby=\"gallery-1-787\" \/><\/a>\n\t\t\t<\/dt>\n\t\t\t\t<dd class='wp-caption-text gallery-caption' id='gallery-1-787'>\n\t\t\t\tForum Ankara &#8211; 2\n\t\t\t\t<\/dd><\/dl><br style=\"clear: both\" \/><dl class='gallery-item'>\n\t\t\t<dt class='gallery-icon landscape'>\n\t\t\t\t<a data-elementor-open-lightbox=\"yes\" data-elementor-lightbox-slideshow=\"ef29bee\" data-elementor-lightbox-title=\"ForumAnkara1\" href='http:\/\/www.ozmersan.com.tr\/web\/wp-content\/uploads\/2021\/09\/ForumAnkara1.jpg'><img width=\"455\" height=\"355\" src=\"http:\/\/www.ozmersan.com.tr\/web\/wp-content\/uploads\/2021\/09\/ForumAnkara1-455x355.jpg\" class=\"attachment-anps-team size-anps-team\" alt=\"\" loading=\"lazy\" aria-describedby=\"gallery-1-786\" \/><\/a>\n\t\t\t<\/dt>\n\t\t\t\t<dd class='wp-caption-text gallery-caption' id='gallery-1-786'>\n\t\t\t\tForum Ankara &#8211; 1\n\t\t\t\t<\/dd><\/dl><dl class='gallery-item'>\n\t\t\t<dt class='gallery-icon landscape'>\n\t\t\t\t<a data-elementor-open-lightbox=\"yes\" data-elementor-lightbox-slideshow=\"ef29bee\" data-elementor-lightbox-title=\"Sivas Avm\" href='http:\/\/www.ozmersan.com.tr\/web\/wp-content\/uploads\/2021\/12\/sivas-avm.jpg'><img width=\"455\" height=\"355\" src=\"http:\/\/www.ozmersan.com.tr\/web\/wp-content\/uploads\/2021\/12\/sivas-avm-455x355.jpg\" class=\"attachment-anps-team size-anps-team\" alt=\"\" loading=\"lazy\" aria-describedby=\"gallery-1-1751\" \/><\/a>\n\t\t\t<\/dt>\n\t\t\t\t<dd class='wp-caption-text gallery-caption' id='gallery-1-1751'>\n\t\t\t\tSivas Avm\n\t\t\t\t<\/dd><\/dl><dl class='gallery-item'>\n\t\t\t<dt class='gallery-icon landscape'>\n\t\t\t\t<a data-elementor-open-lightbox=\"yes\" data-elementor-lightbox-slideshow=\"ef29bee\" data-elementor-lightbox-title=\"Sivas Valilik\" href='http:\/\/www.ozmersan.com.tr\/web\/wp-content\/uploads\/2021\/12\/SIVAS-VALILIK.jpg'><img width=\"455\" height=\"355\" src=\"http:\/\/www.ozmersan.com.tr\/web\/wp-content\/uploads\/2021\/12\/SIVAS-VALILIK-455x355.jpg\" class=\"attachment-anps-team size-anps-team\" alt=\"\" loading=\"lazy\" aria-describedby=\"gallery-1-1752\" \/><\/a>\n\t\t\t<\/dt>\n\t\t\t\t<dd class='wp-caption-text gallery-caption' id='gallery-1-1752'>\n\t\t\t\tSivas Valili\u011fi\n\t\t\t\t<\/dd><\/dl><dl class='gallery-item'>\n\t\t\t<dt class='gallery-icon landscape'>\n\t\t\t\t<a data-elementor-open-lightbox=\"yes\" data-elementor-lightbox-slideshow=\"ef29bee\" data-elementor-lightbox-title=\"Sivas Zara\" href='http:\/\/www.ozmersan.com.tr\/web\/wp-content\/uploads\/2021\/12\/SIVAS-ZARA.jpg'><img width=\"455\" height=\"355\" src=\"http:\/\/www.ozmersan.com.tr\/web\/wp-content\/uploads\/2021\/12\/SIVAS-ZARA-455x355.jpg\" class=\"attachment-anps-team size-anps-team\" alt=\"\" loading=\"lazy\" aria-describedby=\"gallery-1-1753\" \/><\/a>\n\t\t\t<\/dt>\n\t\t\t\t<dd class='wp-caption-text gallery-caption' id='gallery-1-1753'>\n\t\t\t\tSivas Zara\n\t\t\t\t<\/dd><\/dl><br style=\"clear: both\" \/><dl class='gallery-item'>\n\t\t\t<dt class='gallery-icon landscape'>\n\t\t\t\t<a data-elementor-open-lightbox=\"yes\" data-elementor-lightbox-slideshow=\"ef29bee\" data-elementor-lightbox-title=\"Sivas Nuri Demira\u011f Havaliman\u0131\" href='http:\/\/www.ozmersan.com.tr\/web\/wp-content\/uploads\/2021\/12\/sivas-nuri-demirag-havalimani.jpg'><img width=\"455\" height=\"355\" src=\"http:\/\/www.ozmersan.com.tr\/web\/wp-content\/uploads\/2021\/12\/sivas-nuri-demirag-havalimani-455x355.jpg\" class=\"attachment-anps-team size-anps-team\" alt=\"\" loading=\"lazy\" aria-describedby=\"gallery-1-1768\" \/><\/a>\n\t\t\t<\/dt>\n\t\t\t\t<dd class='wp-caption-text gallery-caption' id='gallery-1-1768'>\n\t\t\t\tSivas Nuri Demira\u011f Havaliman\u0131\n\t\t\t\t<\/dd><\/dl><dl class='gallery-item'>\n\t\t\t<dt class='gallery-icon landscape'>\n\t\t\t\t<a data-elementor-open-lightbox=\"yes\" data-elementor-lightbox-slideshow=\"ef29bee\" data-elementor-lightbox-title=\"Sivas Nuri Demira\u011f Havaliman\u0131-2\" href='http:\/\/www.ozmersan.com.tr\/web\/wp-content\/uploads\/2021\/12\/sivas-nuri-demirag-havalimani-2.jpg'><img width=\"455\" height=\"355\" src=\"http:\/\/www.ozmersan.com.tr\/web\/wp-content\/uploads\/2021\/12\/sivas-nuri-demirag-havalimani-2-455x355.jpg\" class=\"attachment-anps-team size-anps-team\" alt=\"\" loading=\"lazy\" aria-describedby=\"gallery-1-1769\" \/><\/a>\n\t\t\t<\/dt>\n\t\t\t\t<dd class='wp-caption-text gallery-caption' id='gallery-1-1769'>\n\t\t\t\tSivas Nuri Demira\u011f Havaliman\u0131\n\t\t\t\t<\/dd><\/dl>\n\t\t\t<br style='clear: both' \/>\n\t\t<\/div>\n\t\t<\/div>\n\t\t\t\t<\/div>\n\t\t\t\t<\/div>\n\t\t\t\t\t<\/div>\n\t\t<\/div>\n\t\t\t\t\t\t\t<\/div>\n\t\t<\/section>\n\t\t\t\t\t\t<\/div>\n\t\t\t\t\t<\/div>\n\t\t","protected":false},"excerpt":{"rendered":"<p>Uygulamalar\u0131m\u0131z Sivas Onyx Uygulamas\u0131 Sar\u0131 Traverten Kazakistan Sar\u0131 Traverten Uygulamas\u0131 Novada Tokat Uygulamas\u0131 Noche Traverten Uygulamas\u0131 Medium Traverten Kazakistan Medium Antep Ye\u015fil Vadi Medium Traverten Uygulamas\u0131 Medium Traverten Uygulamas\u0131 Gold River Traverten Uygulamas\u0131 Gold River Traverten Uygulamas\u0131 Forum Ankara &#8211; &hellip;<\/p>\n","protected":false},"author":1,"featured_media":0,"parent":0,"menu_order":0,"comment_status":"closed","ping_status":"closed","template":"elementor_header_footer","meta":{"spay_email":""},"_links":{"self":[{"href":"http:\/\/www.ozmersan.com.tr\/web\/index.php?rest_route=\/wp\/v2\/pages\/110"}],"collection":[{"href":"http:\/\/www.ozmersan.com.tr\/web\/index.php?rest_route=\/wp\/v2\/pages"}],"about":[{"href":"http:\/\/www.ozmersan.com.tr\/web\/index.php?rest_route=\/wp\/v2\/types\/page"}],"author":[{"embeddable":true,"href":"http:\/\/www.ozmersan.com.tr\/web\/index.php?rest_route=\/wp\/v2\/users\/1"}],"replies":[{"embeddable":true,"href":"http:\/\/www.ozmersan.com.tr\/web\/index.php?rest_route=%2Fwp%2Fv2%2Fcomments&post=110"}],"version-history":[{"count":19,"href":"http:\/\/www.ozmersan.com.tr\/web\/index.php?rest_route=\/wp\/v2\/pages\/110\/revisions"}],"predecessor-version":[{"id":1882,"href":"http:\/\/www.ozmersan.com.tr\/web\/index.php?rest_route=\/wp\/v2\/pages\/110\/revisions\/1882"}],"wp:attachment":[{"href":"http:\/\/www.ozmersan.com.tr\/web\/index.php?rest_route=%2Fwp%2Fv2%2Fmedia&parent=110"}],"curies":[{"name":"wp","href":"https:\/\/api.w.org\/{rel}","templated":true}]}}